{"id":11932,"date":"2019-01-22T13:43:33","date_gmt":"2019-01-22T15:43:33","guid":{"rendered":"https:\/\/hom.jornaltimoneiro.com.br\/?page_id=11932"},"modified":"2019-01-22T13:43:33","modified_gmt":"2019-01-22T15:43:33","slug":"contato","status":"publish","type":"page","link":"http:\/\/hom.jornaltimoneiro.com.br\/index.php\/contato\/","title":{"rendered":"Contato"},"content":{"rendered":"<p>O jornal\u00a0<strong>Timoneiro<\/strong>\u00a0\u00e9 a melhor op\u00e7\u00e3o para divulgar sua marca, produto ou servi\u00e7o na cidade de Canoas.<\/p>\n<p>Fa\u00e7a um contato telef\u00f4nico ou envie um e-mail para n\u00f3s que teremos o prazer de lhe fazer uma visita e estudar a melhor forma de atingir seus objetivos.<\/p>\n<p><strong>Reda\u00e7\u00e3o<\/strong><\/p>\n<p>redacao.ot@gmail.com<\/p>\n<p><strong>Comercial\u00a0<\/strong><\/p>\n<p>enildo.prestes@gmail.com<\/p>\n<p><strong>Telefone<\/strong><\/p>\n<p>3030 3022<\/p>\n","protected":false},"excerpt":{"rendered":"<p>O jornal\u00a0Timoneiro\u00a0\u00e9 a melhor op\u00e7\u00e3o para divulgar sua marca, produto ou servi\u00e7o na cidade de Canoas. Fa\u00e7a um contato telef\u00f4nico ou envie um e-mail para n\u00f3s que teremos o prazer de lhe fazer uma visita e estudar a melhor forma de atingir seus objetivos. Reda\u00e7\u00e3o redacao.ot@gmail.com Comercial\u00a0 enildo.prestes@gmail.com Telefone 3030 3022<\/p>\n","protected":false},"author":1,"featured_media":0,"parent":0,"menu_order":0,"comment_status":"closed","ping_status":"closed","template":"","meta":[],"_links":{"self":[{"href":"http:\/\/hom.jornaltimoneiro.com.br\/index.php\/wp-json\/wp\/v2\/pages\/11932"}],"collection":[{"href":"http:\/\/hom.jornaltimoneiro.com.br\/index.php\/wp-json\/wp\/v2\/pages"}],"about":[{"href":"http:\/\/hom.jornaltimoneiro.com.br\/index.php\/wp-json\/wp\/v2\/types\/page"}],"author":[{"embeddable":true,"href":"http:\/\/hom.jornaltimoneiro.com.br\/index.php\/wp-json\/wp\/v2\/users\/1"}],"replies":[{"embeddable":true,"href":"http:\/\/hom.jornaltimoneiro.com.br\/index.php\/wp-json\/wp\/v2\/comments?post=11932"}],"version-history":[{"count":1,"href":"http:\/\/hom.jornaltimoneiro.com.br\/index.php\/wp-json\/wp\/v2\/pages\/11932\/revisions"}],"predecessor-version":[{"id":11933,"href":"http:\/\/hom.jornaltimoneiro.com.br\/index.php\/wp-json\/wp\/v2\/pages\/11932\/revisions\/11933"}],"wp:attachment":[{"href":"http:\/\/hom.jornaltimoneiro.com.br\/index.php\/wp-json\/wp\/v2\/media?parent=11932"}],"curies":[{"name":"wp","href":"https:\/\/api.w.org\/{rel}","templated":true}]}}